 what is -774d4a + 4?
-774d46
In base 9, what is -26708 - 1?
-26710
In base 4, what is -3103130102 + 0?
-3103130102
In base 8, what is -104 + 111?
5
In base 2, what is -100 + -10001111100001?
-10001111100101
In base 3, what is -20112 + 22021?
1202
In base 2, what is -101011111001 + -11011?
-101100010100
In base 7, what is 32 + -5430?
-5365
In base 5, what is -31 + 321431?
321400
In base 7, what is 1 - -52626?
52630
In base 6, what is -4423024 + 1?
-4423023
In base 12, what is 1 - 113b0?
-113ab
In base 9, what is 241 + 55?
306
In base 12, what is 1925 - -63?
1988
In base 2, what is -1100001110010011 + -101?
-1100001110011000
In base 4, what is -10 - 1133023132?
-1133023202
In base 6, what is -5 + 310255?
310250
In base 8, what is 1 + 13617?
13620
In base 11, what is 15558 - 4?
15554
In base 4, what is -21 + 1031100231?
1031100210
In base 3, what is -211221220111 + 11?
-211221220100
In base 13, what is 1c70 - -6?
1c76
In base 4, what is 1 + 102232031?
102232032
In base 8, what is 10 + 465245?
465255
In base 13, what is -35 + -111ca?
-11232
In base 11, what is 154 + 1813?
1967
In base 8, what is 340627 + -5?
340622
In base 14, what is -1b + d1?
b4
In base 4, what is 31313 - -121?
32100
In base 8, what is -2 - -724424?
724422
In base 11, what is 1 + -21636?
-21635
In base 2, what is 1000100111000110000 - 11?
1000100111000101101
In base 3, what is -20 - 12102122?
-12102212
In base 10, what is -418 - 58?
-476
In base 16, what is 2 - 100c82?
-100c80
In base 2, what is 100000100111 + 1101001010?
101101110001
In base 8, what is 2331 + 100?
2431
In base 16, what is 190aa - 3?
190a7
In base 10, what is 11348 + 14?
11362
In base 3, what is 1102210002011 - -2?
1102210002020
In base 9, what is 1230 - -4?
1234
In base 12, what is 6 + -2945?
-293b
In base 14, what is cb + 530?
61b
In base 9, what is 130488 - -5?
130504
In base 4, what is -33223322 + 0?
-33223322
In base 5, what is -12 - -21112?
21100
In base 3, what is 10012011 - -100?
10012111
In base 11, what is -12 - a5721?
-a5733
In base 12, what is 10963 + 44?
109a7
In base 5, what is 10 + 2401221?
2401231
In base 13, what is -4 + -4195b2?
-4195b6
In base 7, what is -4421400 + -2?
-4421402
In base 8, what is -2 + 326416?
326414
In base 9, what is -36 + 10263?
10226
In base 6, what is -11332333 + 4?
-11332325
In base 2, what is 100000001 - -110111110?
1010111111
In base 8, what is 21 - 1617?
-1576
In base 11, what is 1 - -9a621?
9a622
In base 3, what is -22222202 - -11010?
-22211122
In base 13, what is 52b1 - 102?
51ac
In base 7, what is 324160 + -1?
324156
In base 8, what is -1 + 611764?
611763
In base 9, what is -204883 + -4?
-204887
In base 2, what is -100010011 + 11101111100?
11001101001
In base 16, what is 2 - 10a?
-108
In base 13, what is -2178 + 5?
-2173
In base 16, what is -3808e - -4?
-3808a
In base 16, what is -2 - -5342?
5340
In base 14, what is 97ba3 - -5?
97ba8
In base 16, what is 1 + -4e845?
-4e844
In base 14, what is -8 - 7d61?
-7d69
In base 2, what is 10 - 11110010000101010101?
-11110010000101010011
In base 5, what is 4 - -1144232?
1144241
In base 5, what is -10 - -1432003?
1431443
In base 3, what is -121121 - 112201?
-1011022
In base 7, what is 3 - 11654151?
-11654145
In base 8, what is -223361 + -2?
-223363
In base 15, what is -6 - 7498?
-749e
In base 15, what is 3 + -1e29?
-1e26
In base 7, what is -10222365 + 1?
-10222364
In base 8, what is 125027 + 3?
125032
In base 9, what is 33024 - -17?
33042
In base 10, what is 6 - 243?
-237
In base 14, what is -1a - 4a94?
-4ab0
In base 6, what is 334255 - 13?
334242
In base 10, what is -142 - -762?
620
In base 11, what is -69 - -27718?
2765a
In base 3, what is -2 - 1200221222?
-1200222001
In base 16, what is 3416a0 - 1?
34169f
In base 6, what is -2 - 3434152?
-3434154
In base 5, what is 1440032 - 11?
1440021
In base 6, what is -23 - 212533?
-213000
In base 15, what is 2 - c2?
-c0
In base 11, what is 2 - -60483?
60485
In base 16, what is 1f5 + -2b9?
-c4
In base 16, what is 7f7 - 8?
7ef
In base 3, what is -110 + 12112021210?
12112021100
In base 6, what is -315 - 132?
-451
In base 4, what is 101231323233 + 0?
101231323233
In base 4, what is 11312011212 - -2?
11312011220
In base 14, what is 2 + -9435?
-9433
In base 9, what is -471 + -143?
-624
In base 16, what is 0 - -dbb34?
dbb34
In base 8, what is 14 + -17126?
-17112
In base 2, what is 1000011101101001 + 10111011?
1000100000100100
In base 12, what is -7a7 + -1?
-7a8
In base 10, what is -5 + 31103?
31098
In base 16, what is 0 - -e94?
e94
In base 4, what is -2 + 13202130?
13202122
In base 9, what is -201 + -1726?
-2027
In base 9, what is 624 + -71?
543
In base 8, what is -562701 - -5?
-562674
In base 11, what is 10201 + 8?
10209
In base 13, what is 3 + 102311?
102314
In base 2, what is -1100011110111011110010 - 101?
-1100011110111011110111
In base 5, what is -41142310 - 0?
-41142310
In base 8, what is -6 + -1465?
-1473
In base 9, what is -72 + 15002?
14820
In base 11, what is 1374 - 255?
111a
In base 11, what is -15878 - -24?
-15854
In base 7, what is 13 + 143341?
143354
In base 7, what is 10 + -4233423?
-4233413
In base 14, what is 11 + -435?
-424
In base 9, what is 2470 - 38?
2431
In base 2, what is 10011 + -100111100110?
-100111010011
In base 7, what is -36 + 635?
566
In base 12, what is -2 + -6707?
-6709
In base 3, what is -102011112101 - -10?
-102011112021
In base 10, what is -3 - -26243?
26240
In base 13, what is -2 + -30788?
-3078a
In base 5, what is -24303 - 20211?
-100014
In base 9, what is -11448 - -25?
-11423
In base 15, what is -d5 - -613?
52d
In base 7, what is -113 + -53134?
-53250
In base 2, what is -10110111011100110 + -100?
-10110111011101010
In base 6, what is 1 + -41140?
-41135
In base 2, what is 1111100 + -10100010110?
-10010011010
In base 6, what is -10 + 1440?
1430
In base 10, what is -5798 - -6?
-5792
In base 5, what is 12224103 + -10?
12224043
In base 16, what is -2 + 60c?
60a
In base 14, what is -32 + -3080?
-30b2
In base 9, what is -5 + 420200?
420184
In base 3, what is 12 - -1011220212?
1011221001
In base 5, what is 2310003 + -4?
2304444
In base 2, what is 10011010 - -11011000101?
11101011111
In base 14, what is -1d5 + -258?
-44d
In base 4, what is 111331 + 1003?
113000
In base 8, what is 4 - 361266?
-361262
In base 5, what is -10 + -4404331?
-4404341
In base 7, what is -312 + -12?
-324
In base 9, what is 8774 + -308?
8465
In base 7, what is -2 - 3631142?
-3631144
In base 10, what is -110 + -170?
-280
In base 2, what is -10110101001001011 - 1001?
-10110101001010100
In base 13, what is -767 - -32?
-735
In base 14, what is 15a1 + -95?
150a
In base 12, what is -b0 + -2394?
-2484
In base 10, what is 15 - -246378?
246393
In base 12, what is 87 - -217?
2a2
In base 13, what is 7224 + 17?
723b
In base 13, what is -2574 - -2?
-2572
In base 16, what is 53c7 - -1?
53c8
In base 13, what is -84b8a + -4?
-84b91
In base 5, what is -224423 - -1?
-224422
In base 15, what is 4 - a76?
-a72
In base 11, what is -3 - 1796?
-1799
In base 2, what is 10110111111011110 + 101011?
10111000000001001
In base 14, what is 11 + -3dc6c?
-3dc5b
In base 7, what is -335 - -131113?
130445
In base 3, what is 12221020120 + -12?
12221020101
In base 14, what is 18c54 + -35?
18c1d
In base 11, what is 12024 - 3?
12021
In base 9, what is 8 + 154311?
154320
In base 11, what is 51 - 215?
-174
In base 9, what is -607245 + 1?
-607244
In base 11, what is -1a6 + -117?
-312
In base 7, what is 4 - -166233?
166240
In base 16, what is -52 + -16e?
-1c0
In base 2, what is -1 + 10100101011?
10100101010
In base 4, what is -3123 - -121?
-3002
In base 16, what is 2da - 51?
289
In base 14, what is 3 - 49d09?
-49d06
In base 5, what is 11011101 - -10?
11011111
In base 8, what is -10401 - 34?
-10435
In base 3, what is 10 + 100021220?
100022000
In base 4, what is 1220020 - 1?
1220013
In base 12, what is -125351 + 3?
-12534a
In base 3, what is 1110021221212 + 1?
1110021221220
In base 4, what is 1001003 - 3?
1001000
In base 14, what is 1 - 3c27?
-3c26
In base 3, what is 2101002202 + 10?
2101002212
In base 9, what is -38818 + 3?
-38815
In base 12, what is 570 + -47?
525
In base 10, what is 121193 - 4?
121189
In base 6, what is -215 - 3520?
-4135
In base 3, what is -2010 + -1121111?
-1200121
In base 8, what is 4 - -366053?
366057
In base 